ions digit of 12103739?
1
What is the hundreds digit of 92877540?
5
What is the tens digit of 582767091?
9
What is the tens digit of 1598414054?
5
What is the hundreds digit of 29013821?
8
What is the hundred millions digit of 3000495178?
0
What is the tens digit of 1314759322?
2
What is the hundred millions digit of 6295094750?
2
What is the units digit of 88935810?
0
What is the units digit of 574901969?
9
What is the millions digit of 701145373?
1
What is the thousands digit of 139411857?
1
What is the thousands digit of 936402119?
2
What is the hundred thousands digit of 2789846221?
8
What is the billions digit of 1218291402?
1
What is the hundred millions digit of 1005030929?
0
What is the hundred thousands digit of 396500208?
5
What is the ten thousands digit of 89911120?
1
What is the ten thousands digit of 58629406?
2
What is the ten millions digit of 18981944?
1
What is the hundreds digit of 777017635?
6
What is the thousands digit of 245625323?
5
What is the thousands digit of 1012125017?
5
What is the thousands digit of 1278559411?
9
What is the hundred millions digit of 985382255?
9
What is the thousands digit of 7338564?
8
What is the units digit of 16143965?
5
What is the thousands digit of 9189416?
9
What is the billions digit of 1527695445?
1
What is the millions digit of 338111069?
8
What is the hundred thousands digit of 31317031?
3
What is the millions digit of 3818735814?
8
What is the ten millions digit of 1297631052?
9
What is the tens digit of 105475339?
3
What is the ten millions digit of 74989198?
7
What is the ten thousands digit of 281785119?
8
What is the units digit of 103039222?
2
What is the ten millions digit of 567429278?
6
What is the millions digit of 117259415?
7
What is the thousands digit of 40653489?
3
What is the thousands digit of 164061142?
1
What is the hundreds digit of 1043934269?
2
What is the hundred thousands digit of 2944401758?
4
What is the ten thousands digit of 21719958?
1
What is the hundred millions digit of 241330308?
2
What is the hundred thousands digit of 74259666?
2
What is the hundred thousands digit of 433346714?
3
What is the millions digit of 705100094?
5
What is the ten thousands digit of 71235031?
3
What is the millions digit of 702906534?
2
What is the hundred thousands digit of 3387431420?
4
What is the ten millions digit of 2642974172?
4
What is the millions digit of 240234888?
0
What is the hundred millions digit of 433627622?
4
What is the units digit of 2602319781?
1
What is the hundreds digit of 334642600?
6
What is the millions digit of 66010741?
6
What is the tens digit of 1550357363?
6
What is the ten thousands digit of 165559332?
5
What is the billions digit of 4709009496?
4
What is the tens digit of 1099345452?
5
What is the ten thousands digit of 4996068?
9
What is the hundred thousands digit of 95947466?
9
What is the tens digit of 49016213?
1
What is the ten millions digit of 915667086?
1
What is the ten thousands digit of 83937039?
3
What is the ten millions digit of 4611527679?
1
What is the tens digit of 60058566?
6
What is the billions digit of 1013915588?
1
What is the thousands digit of 267264962?
4
What is the hundred thousands digit of 656038519?
0
What is the ten thousands digit of 2068174742?
7
What is the hundred millions digit of 129125493?
1
What is the tens digit of 100333307?
0
What is the ten millions digit of 1150112798?
5
What is the hundred thousands digit of 318817124?
8
What is the hundreds digit of 209918232?
2
What is the hundred thousands digit of 892844349?
8
What is the hundred thousands digit of 17355805?
3
What is the ten thousands digit of 5799648593?
4
What is the ten millions digit of 626552074?
2
What is the hundred thousands digit of 1231439243?
4
What is the ten thousands digit of 36948036?
4
What is the ten thousands digit of 107908537?
0
What is the hundred thousands digit of 3798245446?
2
What is the ten thousands digit of 823575399?
7
What is the units digit of 190265?
5
What is the millions digit of 26351454?
6
What is the hundreds digit of 63068007?
0
What is the hundred thousands digit of 5092156?
0
What is the thousands digit of 2726162184?
2
What is the ten millions digit of 4708373493?
0
What is the millions digit of 504019204?
4
What is the ten thousands digit of 427582864?
8
What is the ten millions digit of 221820845?
2
What is the hundred thousands digit of 209883984?
8
What is the ten thousands digit of 1093213433?
1
What is the thousands digit of 352799001?
9
What is the hundred millions digit of 106158569?
1
What is the tens digit of 40836145?
4
What is the ten millions digit of 816506110?
1
What is the hundreds digit of 2960563609?
6
What is the ten millions digit of 6951317176?
5
What is the tens digit of 116874283?
8
What is the hundred thousands digit of 25900368?
9
What is the millions digit of 137608779?
7
What is the tens digit of 464453374?
7
What is the units digit of 358753587?
7
What is the millions digit of 418488681?
8
What is the units digit of 63579958?
8
What is the hundred thousands digit of 44243109?
2
What is the thousands digit of 653811581?
1
What is the ten millions digit of 4277870641?
7
What is the millions digit of 276429083?
6
What is the tens digit of 7142284042?
4
What is the ten thousands digit of 98558837?
5
What is the ten millions digit of 794380491?
9
What is the units digit of 111699329?
9
What is the ten thousands digit of 7944502?
4
What is the ten thousands digit of 44643598?
4
What is the ten thousands digit of 35382739?
8
What is the millions digit of 1806758102?
6
What is the tens digit of 70803531?
3
What is the ten thousands digit of 5047072474?
7
What is the units digit of 20147531?
1
What is the ten thousands digit of 306211296?
1
What is the tens digit of 2835718354?
5
What is the units digit of 313962535?
5
What is the hundred thousands digit of 1122979287?
9
What is the hundreds digit of 18041398?
3
What is the hundred millions digit of 166631889?
1
What is the ten thousands digit of 5094096516?
9
What is the tens digit of 118075288?
8
What is the units digit of 983246213?
3
What is the hundred millions digit of 2033634921?
0
What is the hundred thousands digit of 969227409?
2
What is the billions digit of 5366979460?
5
What is the thousands digit of 2905632519?
2
What is the billions digit of 4542289109?
4
What is the tens digit of 3265759704?
0
What is the hundred thousands digit of 1325858025?
8
What is the hundreds digit of 1109934487?
4
What is the ten thousands digit of 114030040?
3
What is the ten thousands digit of 164362379?
6
What is the units digit of 4875685003?
3
What is the ten millions digit of 306012125?
0
What is the ten millions digit of 28367792?
2
What is the millions digit of 581637008?
1
What is the ten millions digit of 10694865?
1
What is the millions digit of 767160689?
7
What is the units digit of 1107807519?
9
What is the millions digit of 8647500?
8
What is the ten thousands digit of 53212291?
1
What is the millions digit of 69124732?
9
What is the hundreds digit of 238462718?
7
What is the hundreds digit of 37000277?
2
What is the ten millions digit of 195304507?
9
What is the hundreds digit of 177592912?
9
What is the millions digit of 938112737?
8
What is the hundred thousands digit of 507977409?
9
What is the ten millions digit of 268885910?
6
What is the hundred thousands digit of 197618005?
6
What is the millions digit of 19850065?
9
What is the ten thousands digit of 888595360?
9
What is the units digit of 682685867?
7
What is the millions digit of 21876021?
1
What is the thousands digit of 573303134?
3
What is the hundreds digit of 51588582?
5
What is the units digit of 1118599098?
8
What is the tens digit of 82910948?
4
What is the hundred thousands digit of 3560271428?
2
What is the tens digit of 66730950?
5
What is the tens digit of 436550515?
1
What is the units digit of 357880149?
9
What is the tens digit of 216780633?
3
What is the units digit of 1920724079?
9
What is the tens digit of 18871628?
2
What is the units digit of 27335992?
2
What is the ten millions digit of 402571232?
0
What is the tens digit of 1889182526?
2
What is the hundred millions digit of 1726827436?
7
What is the hundred thousands digit of 30216247?
2